when 61 is divided by 49.
12
What is the remainder when 43 is divided by 12?
7
What is the remainder when 175 is divided by 93?
82
What is the remainder when 1595 is divided by 178?
171
Calculate the remainder when 7279 is divided by 22.
19
Calculate the remainder when 1422 is divided by 204.
198
What is the remainder when 499 is divided by 75?
49
Calculate the remainder when 996 is divided by 27.
24
What is the remainder when 39 is divided by 3?
0
What is the remainder when 44 is divided by 10?
4
What is the remainder when 4893 is divided by 48?
45
Calculate the remainder when 3914 is divided by 230.
4
Calculate the remainder when 303 is divided by 61.
59
What is the remainder when 396 is divided by 28?
4
What is the remainder when 221 is divided by 9?
5
Calculate the remainder when 106 is divided by 60.
46
Calculate the remainder when 1660 is divided by 537.
49
What is the remainder when 3118 is divided by 80?
78
Calculate the remainder when 1084 is divided by 31.
30
Calculate the remainder when 276 is divided by 115.
46
Calculate the remainder when 754 is divided by 48.
34
What is the remainder when 8411 is divided by 255?
251
Calculate the remainder when 66 is divided by 36.
30
What is the remainder when 82 is divided by 21?
19
Calculate the remainder when 142 is divided by 52.
38
Calculate the remainder when 889 is divided by 269.
82
What is the remainder when 440 is divided by 17?
15
What is the remainder when 930 is divided by 94?
84
Calculate the remainder when 622 is divided by 119.
27
Calculate the remainder when 20097 is divided by 26.
25
What is the remainder when 2213 is divided by 41?
40
Calculate the remainder when 5178 is divided by 144.
138
Calculate the remainder when 1661 is divided by 413.
9
Calculate the remainder when 81 is divided by 37.
7
What is the remainder when 563 is divided by 47?
46
What is the remainder when 35696 is divided by 210?
206
What is the remainder when 278 is divided by 14?
12
Calculate the remainder when 6326 is divided by 56.
54
Calculate the remainder when 144 is divided by 75.
69
What is the remainder when 11 is divided by 6?
5
Calculate the remainder when 319 is divided by 64.
63
What is the remainder when 9 is divided by 3?
0
What is the remainder when 290 is divided by 49?
45
Calculate the remainder when 727 is divided by 22.
1
Calculate the remainder when 120 is divided by 11.
10
What is the remainder when 808 is divided by 81?
79
What is the remainder when 5938 is divided by 99?
97
Calculate the remainder when 209 is divided by 32.
17
Calculate the remainder when 259 is divided by 124.
11
Calculate the remainder when 131 is divided by 17.
12
What is the remainder when 80 is divided by 11?
3
What is the remainder when 109 is divided by 101?
8
What is the remainder when 250 is divided by 81?
7
What is the remainder when 1302 is divided by 16?
6
Calculate the remainder when 391 is divided by 134.
123
What is the remainder when 211 is divided by 39?
16
What is the remainder when 66 is divided by 20?
6
What is the remainder when 122 is divided by 32?
26
What is the remainder when 1599 is divided by 146?
139
What is the remainder when 8095 is divided by 45?
40
Calculate the remainder when 500 is divided by 105.
80
Calculate the remainder when 1130 is divided by 30.
20
Calculate the remainder when 2300 is divided by 137.
108
Calculate the remainder when 207 is divided by 59.
30
Calculate the remainder when 174 is divided by 78.
18
What is the remainder when 414 is divided by 59?
1
Calculate the remainder when 349 is divided by 175.
174
Calculate the remainder when 152 is divided by 17.
16
Calculate the remainder when 709 is divided by 176.
5
What is the remainder when 205 is divided by 31?
19
Calculate the remainder when 5501 is divided by 1100.
1
Calculate the remainder when 423 is divided by 138.
9
Calculate the remainder when 814 is divided by 43.
40
What is the remainder when 320 is divided by 64?
0
Calculate the remainder when 50 is divided by 13.
11
Calculate the remainder when 1919 is divided by 128.
127
Calculate the remainder when 237 is divided by 16.
13
What is the remainder when 147 is divided by 14?
7
What is the remainder when 185 is divided by 84?
17
What is the remainder when 435 is divided by 63?
57
Calculate the remainder when 38 is divided by 18.
2
Calculate the remainder when 48 is divided by 26.
22
Calculate the remainder when 59 is divided by 29.
1
What is the remainder when 142 is divided by 39?
25
What is the remainder when 11422 is divided by 14?
12
Calculate the remainder when 3774 is divided by 172.
162
Calculate the remainder when 362 is divided by 120.
2
Calculate the remainder when 1038 is divided by 517.
4
Calculate the remainder when 1151 is divided by 128.
127
What is the remainder when 1519 is divided by 365?
59
What is the remainder when 412 is divided by 22?
16
Calculate the remainder when 38 is divided by 8.
6
What is the remainder when 46 is divided by 14?
4
What is the remainder when 2116 is divided by 698?
22
What is the remainder when 517 is divided by 13?
10
What is the remainder when 618 is divided by 269?
80
Calculate the remainder when 247 is divided by 210.
37
What is the remainder when 362 is divided by 39?
11
Calculate the remainder when 359 is divided by 171.
17
What is the remainder when 116 is divided by 33?
17
Calculate the remainder when 2724 is divided by 109.
108
Calculate the remainder when 413 is divided by 225.
188
What is the remainder when 2288 is divided by 456?
8
Calculate the remainder when 921 is divided by 77.
74
Calculate the remainder when 398 is divided by 61.
32
What is the remainder when 124 is divided by 9?
7
Calculate the remainder when 17 is divided by 8.
1
Calculate the remainder when 189 is divided by 17.
2
What is the remainder when 510 is divided by 26?
16
What is the remainder when 108 is divided by 12?
0
Calculate the remainder when 143 is divided by 5.
3
Calculate the remainder when 2393 is divided by 57.
56
Calculate the remainder when 274 is divided by 232.
42
Calculate the remainder when 795 is divided by 14.
11
What is the remainder when 668 is divided by 16?
12
Calculate the remainder when 636 is divided by 91.
90
Calculate the remainder when 1425 is divided by 23.
22
What is the remainder when 44 is divided by 13?
5
What is the remainder when 2916 is divided by 40?
36
Calculate the remainder when 536 is divided by 242.
52
What is the remainder when 2003 is divided by 332?
11
What is the remainder when 9492 is divided by 101?
99
Calculate the remainder when 133 is divided by 34.
31
What is the remainder when 219 is divided by 37?
34
What is the remainder when 4080 is divided by 26?
24
Calculate the remainder when 206 is divided by 50.
6
What is the remainder when 81 is divided by 23?
12
What is the remainder when 6 is divided by 6?
0
What is the remainder when 681 is divided by 25?
6
Calculate the remainder when 3941 is divided by 58.
55
What is the remainder when 837 is divided by 94?
85
What is the remainder when 214 is divided by 8?
6
What is the remainder when 13768 is divided by 162?
160
Calculate the remainder when 248 is divided by 50.
48
Calculate the remainder when 1916 is divided by 174.
2
What is the remainder when 449 is divided by 157?
135
Calculate the remainder when 501 is divided by 56.
53
Calculate the remainder when 32 is divided by 5.
2
Calculate the remainder when 102 is divided by 23.
10
Calculate the remainder when 57 is divided by 48.
9
Calculate the remainder when 192 is divided by 22.
16
Calculate the remainder when 60 is divided by 41.
19
What is the remainder when 1914 is divided by 71?
68
Calculate the remainder when 389 is divided by 290.
99
What is the remainder when 2145 is divided by 5?
0
What is the remainder when 2889 is divided by 58?
47
What is the remainder when 605 is divided by 29?
25
What is the remainder when 503 is divided by 24?
23
Calculate the remainder when 1703 is divided by 55.
53
What is the remainder when 98 is divided by 43?
12
What is the remainder when 125 is divided by 16?
13
What is the remainder when 737 is divided by 90?
17
Calculate the remainder when 1750 is divided by 103.
102
What is the remainder when 4943 is divided by 206?
205
Calculate the remaind